vided by 20?
16
Calculate the remainder when 233 is divided by 39.
38
What is the remainder when 209 is divided by 85?
39
Calculate the remainder when 263 is divided by 89.
85
What is the remainder when 694 is divided by 87?
85
Calculate the remainder when 413 is divided by 52.
49
What is the remainder when 966 is divided by 725?
241
Calculate the remainder when 416 is divided by 89.
60
What is the remainder when 495 is divided by 31?
30
Calculate the remainder when 130 is divided by 11.
9
Calculate the remainder when 171 is divided by 39.
15
What is the remainder when 57574 is divided by 49?
48
Calculate the remainder when 94847 is divided by 39.
38
Calculate the remainder when 489 is divided by 123.
120
What is the remainder when 1181 is divided by 5?
1
What is the remainder when 70 is divided by 2?
0
What is the remainder when 125 is divided by 110?
15
What is the remainder when 36 is divided by 19?
17
Calculate the remainder when 375 is divided by 72.
15
Calculate the remainder when 191 is divided by 39.
35
What is the remainder when 2729 is divided by 210?
209
Calculate the remainder when 948 is divided by 208.
116
What is the remainder when 355 is divided by 28?
19
What is the remainder when 568 is divided by 534?
34
What is the remainder when 3993 is divided by 47?
45
What is the remainder when 1758 is divided by 63?
57
Calculate the remainder when 399 is divided by 100.
99
What is the remainder when 3579 is divided by 144?
123
What is the remainder when 129 is divided by 20?
9
Calculate the remainder when 42 is divided by 13.
3
What is the remainder when 73 is divided by 58?
15
What is the remainder when 231 is divided by 60?
51
Calculate the remainder when 3003 is divided by 51.
45
What is the remainder when 339 is divided by 38?
35
What is the remainder when 11052 is divided by 15?
12
Calculate the remainder when 422 is divided by 13.
6
Calculate the remainder when 950 is divided by 17.
15
Calculate the remainder when 347 is divided by 51.
41
Calculate the remainder when 457 is divided by 17.
15
Calculate the remainder when 2728 is divided by 18.
10
Calculate the remainder when 214 is divided by 103.
8
Calculate the remainder when 382 is divided by 35.
32
Calculate the remainder when 363 is divided by 76.
59
Calculate the remainder when 107 is divided by 5.
2
Calculate the remainder when 334 is divided by 26.
22
What is the remainder when 2157 is divided by 269?
5
Calculate the remainder when 488 is divided by 26.
20
Calculate the remainder when 1935 is divided by 114.
111
What is the remainder when 1705 is divided by 142?
1
Calculate the remainder when 340 is divided by 90.
70
What is the remainder when 328 is divided by 55?
53
What is the remainder when 245 is divided by 108?
29
Calculate the remainder when 346 is divided by 20.
6
Calculate the remainder when 1263 is divided by 128.
111
Calculate the remainder when 26 is divided by 11.
4
What is the remainder when 118 is divided by 66?
52
Calculate the remainder when 267 is divided by 34.
29
What is the remainder when 72 is divided by 30?
12
What is the remainder when 1433 is divided by 415?
188
What is the remainder when 2097 is divided by 35?
32
Calculate the remainder when 583 is divided by 28.
23
What is the remainder when 375 is divided by 8?
7
What is the remainder when 650 is divided by 20?
10
Calculate the remainder when 606 is divided by 29.
26
Calculate the remainder when 28 is divided by 26.
2
Calculate the remainder when 594 is divided by 43.
35
What is the remainder when 1351 is divided by 336?
7
What is the remainder when 167 is divided by 36?
23
Calculate the remainder when 79 is divided by 39.
1
What is the remainder when 1448 is divided by 13?
5
What is the remainder when 358 is divided by 31?
17
Calculate the remainder when 1076 is divided by 533.
10
Calculate the remainder when 440 is divided by 142.
14
What is the remainder when 1221 is divided by 607?
7
Calculate the remainder when 1023 is divided by 41.
39
Calculate the remainder when 917 is divided by 34.
33
What is the remainder when 338 is divided by 163?
12
What is the remainder when 56 is divided by 12?
8
What is the remainder when 2973 is divided by 49?
33
What is the remainder when 258 is divided by 241?
17
Calculate the remainder when 461 is divided by 276.
185
Calculate the remainder when 5106 is divided by 13.
10
Calculate the remainder when 2616 is divided by 17.
15
Calculate the remainder when 401 is divided by 98.
9
What is the remainder when 840 is divided by 14?
0
What is the remainder when 524 is divided by 67?
55
What is the remainder when 4319 is divided by 61?
49
What is the remainder when 54 is divided by 21?
12
What is the remainder when 365 is divided by 23?
20
Calculate the remainder when 61 is divided by 46.
15
Calculate the remainder when 20 is divided by 8.
4
What is the remainder when 357 is divided by 43?
13
Calculate the remainder when 6147 is divided by 1534.
11
What is the remainder when 949 is divided by 75?
49
What is the remainder when 130 is divided by 20?
10
Calculate the remainder when 296 is divided by 13.
10
Calculate the remainder when 1153 is divided by 77.
75
What is the remainder when 139 is divided by 64?
11
Calculate the remainder when 67 is divided by 5.
2
What is the remainder when 22 is divided by 16?
6
What is the remainder when 40 is divided by 27?
13
Calculate the remainder when 88 is divided by 31.
26
What is the remainder when 58 is divided by 13?
6
Calculate the remainder when 1295 is divided by 5.
0
What is the remainder when 5403 is divided by 23?
21
Calculate the remainder when 54 is divided by 7.
5
What is the remainder when 376 is divided by 14?
12
What is the remainder when 69 is divided by 45?
24
What is the remainder when 555 is divided by 106?
25
What is the remainder when 32 is divided by 13?
6
What is the remainder when 255 is divided by 54?
39
What is the remainder when 73 is divided by 28?
17
Calculate the remainder when 55 is divided by 48.
7
Calculate the remainder when 61 is divided by 22.
17
Calculate the remainder when 2629 is divided by 34.
11
Calculate the remainder when 237 is divided by 19.
9
What is the remainder when 126 is divided by 43?
40
What is the remainder when 39 is divided by 24?
15
Calculate the remainder when 452 is divided by 19.
15
Calculate the remainder when 261 is divided by 175.
86
What is the remainder when 1018 is divided by 172?
158
What is the remainder when 238 is divided by 61?
55
What is the remainder when 1096 is divided by 55?
51
What is the remainder when 73 is divided by 4?
1
Calculate the remainder when 18207 is divided by 15.
12
What is the remainder when 1516 is divided by 49?
46
What is the remainder when 536 is divided by 68?
60
Calculate the remainder when 685 is divided by 229.
227
What is the remainder when 683 is divided by 5?
3
Calculate the remainder when 894 is divided by 46.
20
What is the remainder when 249 is divided by 66?
51
Calculate the remainder when 727 is divided by 179.
11
What is the remainder when 646 is divided by 166?
148
Calculate the remainder when 8217 is divided by 15.
12
Calculate the remainder when 845 is divided by 53.
50
What is the remainder when 779 is divided by 136?
99
What is the remainder when 8 is divided by 1?
0
Calculate the remainder when 85 is divided by 45.
40
Calculate the remainder when 250 is divided by 72.
34
Calculate the remainder when 782 is divided by 159.
146
Calculate the remainder when 49 is divided by 15.
4
What is the remainder when 289 is divided by 46?
13
What is the remainder when 17599 is divided by 44?
43
What is the remainder when 31 is divided by 15?
1
What is the remainder when 163 is divided by 12?
7
Calculate the remainder when 55 is divided by 21.
13
What is the remainder when 169 is divided by 18?
7
Calculate the remainder when 211 is divided by 53.
52
What is the remainder when 9237 is divided by 44?
41
Calculate the remainder when 2570 is divided by 84.
50
Calculate the remainder when 5636 is divided by 40.
36
What is the remainder when 2012 is divided by 96?
92
Calculate the remainder when 990 is divided by 8.
6
Calculate the remainder when 81 is divided by 21.
18
What is the remainder when 118 is divided by 37?
7
What is the r